
-28
What is the value of 6 - (-19 - -10 - (-8 - -5) - -1)?
11
Evaluate 2 + 10 + (68 - 70).
10
What is 8 - (-13 + 34 + (14 - 9))?
-18
Evaluate 147 - 135 - (1 - -22).
-11
What is -10 - (1 - -6 - 1)?
-16
-16 + 20 + (-2 - -5) + 2 + -33
-24
What is 23 - (19 + (-10 - -29))?
-15
Evaluate 46 - (-1 + -8 - -10 - -9).
36
What is the value of 17 - ((26 - 2) + 1) - (1 + -14)?
5
Evaluate (0 - -9) + -137 + 135 - 28.
-21
(7 - 8) + 6 - (36 + -4 + -7)
-20
What is the value of 6 - -1 - (-21 + 9 + 23 - 6)?
2
-22 - 0 - (-11 + -3 - (4 - 19))
-23
Evaluate 16 + 2 + 17 - 18 - -22.
39
Calculate 19 - 13 - (1 - 3).
8
What is -37 - ((7 + -8 - 25) + 17)?
-28
Calculate 0 + -24 - (-13 - -6 - 5).
-12
What is -7 - -26 - 4 - ((-2 - -3) + 3)?
11
Evaluate -1 - (-4 - ((-1 - -10) + (-2 - -2))).
12
Calculate (28 - (16 + (-3 - 0))) + 15.
30
What is the value of -3 + 27 + (-20 - -14) + -1 + 0?
17
9 - (29 + -9 + 1)
-12
Calculate (-420 + 416 - (1 + 16)) + -1 + -1.
-23
Calculate 2 - 2 - (10 + 53 + -67).
4
What is 7 - (8 + -2) - (7 + (-1 - -1))?
-6
(21 - (66 - 22)) + 24
1
-2 - (-14 + 8) - (0 - 3)
7
Calculate -3 - (-14 - (5 - 7)) - 7.
2
Evaluate 9 - ((-8 - -36 - 33) + -1 + 7).
8
What is the value of (5 - -1) + -15 - -2 - -21?
14
What is (3845 - 3857) + (18 + 0 - 0)?
6
2 + (6 - 1) - (214 - 205)
-2
Evaluate -4 + 4 - (0 + 7) - -17.
10
Calculate -16 + (33 - 15 - 39 - (2 - 13)).
-26
Calculate (-4 - (15 - 4)) + (-1 - (3 - 7)).
-12
What is 2 + -4 + 20 + -11 - 11?
-4
What is 8 - (12 + (16 - 12) - 16)?
8
(-1 - 11) + 13 + 10
11
What is -3 - (-4 + 32 + -28)?
-3
Evaluate (8 - (52 + -5)) + 31.
-8
What is the value of 87 - (156 + -76) - ((1 - -6) + 1)?
-1
Evaluate -15 + (11 - ((9 + -5 - 12) + 11)).
-7
0 - -22 - (8 + 15 + -19) - 3
15
What is the value of -2 + 0 - (-413 + 410) - (-1 - -13)?
-11
Calculate -4 + 15 - (-5 + 12).
4
What is 6 - (77 + -57 - (6 + -2 + 2))?
-8
Evaluate (3 - 12) + 6 + -6 + -14.
-23
What is the value of 4 + -1 + 2 + 14 + -165 + 160?
14
Evaluate -14 - (-4 - (-9 + (7 - 7) + 4)).
-15
What is the value of -17 + (4 - 4 - (-19 + 13))?
-11
Calculate 4 - 6 - ((-13 - -31) + (1 - 1)).
-20
Calculate -42 - -63 - (-2 - -14).
9
Calculate (-41 - -5) + 38 - (-2 - -7).
-3
What is the value of 48 + -37 + -9 + 35?
37
Evaluate 1 + 5 + (0 - (26 + -5)).
-15
-1 - -2 - (-7 - 20 - -37)
-9
What is 5 - (-6 - (24 + -50))?
-15
Calculate (12 - ((-7 - 2) + 36)) + (-1 - 2).
-18
What is the value of 41 + 10 - (10 + 1 + 7)?
33
9 - (-8 + 1 + 4 - -30)
-18
Evaluate -13 + 14 + -11 + 2.
-8
What is (-7 - 14) + (-3 - (-2 - 11))?
-11
1 - (-2 - 14 - -26)
-9
What is the value of (-32 - -43) + 3 + 0 + 9?
23
What is the value of (3 - 2) + 662 + -661?
2
What is the value of -12 - (-30 - (4 - 25))?
-3
What is the value of -2 - -4 - (-2 + -1 + -50 + 49)?
6
What is 181 - 213 - (-1 - -1)?
-32
Calculate -4 + (-10 - 5) + -2 + (-8 - -11).
-18
What is the value of 116 + -117 + (-3 - 0) - -12?
8
Evaluate -17 - (-1 + (1 - 18)).
1
5 - (-1 + -4 - (-11 + -9))
-10
What is -3 + -21 - (-82 + 50)?
8
Evaluate (10 - -1) + (-4 - (-4 - -16)).
-5
0 - 10 - (-151 - -132)
9
What is the value of 0 + (15 - (4 + 4))?
7
(16 - (0 + -15 + 49)) + 47
29
Calculate -21 - (8 - 6) - -10.
-13
(-13 - (0 - 2)) + (0 - (30 - 32))
-9
What is -2 + -22 + 10 - -24?
10
What is the value of 9 - (-31 + (0 - -22))?
18
Calculate 17 + 3 - (11 + -3).
12
What is the value of -20 - -1 - ((26 - 15) + -17)?
-13
What is the value of 1 + (2 - -5) + 6 + (-9 - -1)?
6
Evaluate 2 + (-47 - -46 - (-5 - 1)).
7
-19 + -9 + 17 + 17
6
Evaluate (2 - (37 - 25)) + (-1 - 18).
-29
What is the value of (40 - 42) + (9 - (5 + 2)) + -1?
-1
What is the value of -7 + (-6 + 4 - (6 - 9)) - 2?
-8
Evaluate 1 + 0 + (-3 - (11 + -4) - -22).
13
What is the value of -36 + (-15 - -23) + (7 - 5)?
-26
(49 + -38 - -4) + (1 - 16)
0
What is the value of 4 + (-20 - -12 - 3)?
-7
What is 30 + -36 - (3 + (4 - 8))?
-5
Calculate (-3 - -2) + -6 + -5 + 0 + 6.
-6
Calculate 7 - 18 - (-12 - -6) - -14.
9
What is -9 - (-16 - -11) - (3 + (1 - 0))?
-8
Evaluate -32 + 4 - -17 - (6 + -19).
2
What is 1 + -2 + 17 + (281 - 293)?
4
Evaluate 12 + -31 + 22 - 7.
-4
Evaluate -12 + 9 + 13 - 0.
10
Evaluate -5 + (-10 - -20 - 3) + -2.
0
28 + -29 - (1 - (-5 - -4))
-3
What is 19 + 5 + -5 + 1 - 58?
-38
-9 - ((41 - 42) + 4 + 2)
-14
Calculate -20 - 0 - ((68 - 47) + -31).
-10
Calculate 3 - -13 - (11 + -1).
6
What is -16 + 10 + (-52 - -39)?
-19
Evaluate -20 - -15 - (-12 - (-9 + 2)) - -9.
9
What is the value of -8 + (-3 - -7) + 1 + -9?
-12
Evaluate (11 - (-6 + -1 - -6)) + -4.
8
Calculate -10 - -9 - ((17 - 6) + 3 - 0).
-15
What is the value of (18 - 0) + (-335 - -316)?
-1
(-75 + 15 - -31) + (1 - -12)
-16
34 - (-17 + 36 + -5)
20
4 + 0 + (9 - 6) - 1
6
What is the value of (13 - -9) + 18 + -25?
15
What is the value of -7 - ((16 - 11) + -3) - (-1 + -1)?
-7
What is the value of -2 + 15 + -154 + 146?
5
Evaluate 0 - ((-5 + -7 - -2) + 7).
3
What is (-11 - -29) + -26 + -15 + 2 + -3?
-24
Evaluate -8 - -9 - (-6 + (14 - 5)).
-2
What is 3 + (-59 - -57 - (3 + (-2 - 4)))?
4
Evaluate (28 - 14) + (3 + 1 - 3 - -8).
23
Evaluate -4 + (4 - 5 - -3) - -1.
-1
-4 + 1 + 7 - (-10 + 11 + -13)
16
(19 - -9) + (-40 - -7)
-5
-8 + (-19 - -14) - -18
5
What is 47 - 47 - (15 - -2) - -1?
-16
Evaluate 0 + 16 - (-46 - -54).
8
Evaluate (20 - (29 + -1)) + 9 + 1.
2
What is -2 + (-12 - -21) - 19?
-12
Calculate 2 + 5 + (-11 - -6) + 10.
12
Evaluate (-6 + -19 + 0 - (3 + -4)) + 4.
-20
Evaluate (-16 + 30 - 11) + -10.
-7
What is -4 - ((-4 - -1) + -1 - -4 - 1)?
-3
What is 0 - 26 - (-21 + (-17 + 28 - -11))?
-27
0 - -7 - (-13 - (10 - (-11 - -42)))
-1
What is (20 - 38) + (4 - 5 - -15)?
-4
5 + 11 + (-47 - -19)
-12
What is 1 - (2 + -1) - (24 - 26 - 0)?
2
Evaluate 81 + -66 - (0 + 12).
3
What is 4 - (-15 - (16 + -9 + -15))?
11
Evaluate 0 - (10 - (0 - 17 - -5)).
-22
What is the value of (-2 - 2) + -5 + 10 + (15 - -1)?
17
Evaluate -1 + 2 + (1 - (-12 - (11 - 22))).
3
Evaluate -3 - -5 - (-4 + (-3 - (9 - 21))).
-3
What is the value of -9 + -1 + 16 + -9 + 8?
5
Evaluate 0 - (21 - (-75 + 65 - (-5 - 0))).
-26
What is the value of 33 + (-4 - (37 - 41))?
33
Evaluate -11 + -21 + 10 - -9.
-13
Evaluate (5 - -6) + (-2 + -8 - 46 - -5).
-40
Calculate 6 + 0 + (-17 - 3) + (9 - 5).
-10
Calculate (-46 - -42 - -29) + (-14 - 0).
11
What is -4 + -8 + -53 + 79?
14
What is the value of -25 - -1 - (-11 - (-36 + 18) - 4)?
-27
Evaluate (17 - (0 + 2)) + 279 + -283 + -2.
9
Evaluate 34 + -34 + 10 - -29.
39
What is the value of -12 - (6 + -9) - -28?
19
What is the value of 1 + -5 + -4 + 20?
12
What is the value of (-37 - 2) + 0 + -27 + 9 + 26?
-31
71 + -71 - (-33 + 16)
17
-17 + -9 + (20 - 7)
-13
What is the value of (-13 - (-67 + 1)) + -35?
18
Calculate 12 - (-12 - -14 - -5).
5
Evaluate 5 - (-5 - (-10 + 3) - -9).
-6
Evaluate 2 - -28 - 14 - (0 - -5).
11
Evaluate -3 + (-25 - (-1 + -14)).
-13
6 + -18 + 41 + -16 + 3
16
What is the value of 7 + (9 - (29 + -14))?
1
What is 0 - -1 - 1 - (-5 + -36 + 42)?
-1
Evaluate (4 + -6 + 5 - 8) + 3.
-2
Calculate -1 + 4 + -10 - -15.
8
Evaluate 318 + -326 + 27 + 0.
19
(39 - (57 - 11)) + 8 + 1
2
What is the value of 20 - (-11 - (-18 - 14)) - (9 - 1)?
-9
Calculate -94 + 99 + (0 - 15) + 2 - -5.
-3
What is 19 + 0 - ((15 - 7) + (-11 - -8))?
14
What is -39 + 29 - (-20 - (-15 - -8))?
3
What is the value of 0 - (1 + 10 + -153 + 137)?
5
What is 6 + 10 + (11 - 5) + -12 - 1?
9
Evaluate (1 - (-1 + -6)) + (-26 - -22).
4
What is (-9 - -1) + (20 - 8) + 2?
6
What is the value of 1 + -5 + -154 + 156?
-2
What is the value of 1 + 4 - (-11 + (-16 + 11 - -18))?
3
What is 77 + -70 + -12 + (6 - 3)?
-2
What is -12 - (6 + (7 - 15) - 3)?
-7
What is -50 - (-56 + 42) - -13?
-23
What is 7 - 10 - (7 - (-3 + 3 + 6))?
-4
Calculate -1 + -6 - (12 + -23 + -13).
17
Calculate (-7 - -11 - 4) + 3 + 3.
6
Calculate 3 + -10 + 11 + -11.
-7
What is the value of 4 + -4 + (0 - 10 - -17)?
7
Calculate -5 - 6 - (10 - (-6 - -23)).
-4
What is -1 + (0 - 5) - (-28 - -19)?
3
What is the value of -336 + 359 - (9 + -2)?
16
What is -1 + (-3 - (-4 + 1)) + 5?
4
What is 36 + (6 - 21) - -3?
24
What is (3 - (-3 - -11)) + (-5 - 11) + 25?
4
Calculate (9 - -5) + (0 - 10) + 4.
8
Evaluate 10 + 2 + -22 + 19 - 8.
1
Calculate 5 + -17 + 13 + 7 - 4.
4
What is -9 + (44 + -8 - 60)?
-33
(4 - ((-3 - -19) + (3 - 8))) + -2
-9
Calculate -8 + 5 + 8 + -15 - -3.
-7
Calculate 8 + (24 - 4) + (-13 